 common factor of 11 and u.
11
Let v(r) = -6*r - 4. Let f be v(-4). Let h(c) = -c**3 - 15*c**2 - 27*c - 3. Let w be h(-13). Calculate the greatest common divisor of w and f.
10
Let l be (-2)/(-4) + 46/4. Let v = 6 + -3. Let y be 62 - v - -1*1. What is the highest common factor of y and l?
12
Suppose -12*p + 15*p - 3*q = 48, -2*q + 13 = p. What is the greatest common divisor of p and 6?
3
Let u = 300 + -192. Suppose -f = -12 - 0. What is the highest common factor of u and f?
12
Suppose 0*b - 4*b - 2*n = -162, 0 = -5*b + 2*n + 189. Suppose 4*w = w + b. What is the greatest common factor of 104 and w?
13
Let t(b) be the first derivative of -3 + 3/2*b**2 + 0*b. Let y be t(1). Calculate the greatest common divisor of y and 1.
1
Suppose 4*c - 76 + 4 = 0. Suppose 12 = -3*j + 120. What is the greatest common factor of j and c?
18
Let l(z) = -z**3 - 7*z**2 + 5. Let j be l(-7). Suppose 454 + 356 = j*c. What is the highest common factor of c and 18?
18
Suppose 3*i = p - 15, 0*p = 2*p - 3*i - 42. Calculate the greatest common factor of 9 and p.
9
Let h(q) = -q + 3. Let d be h(-4). Suppose 5*i = -4*t + 133, -2 = i - d. What is the greatest common factor of t and 297?
27
Let r be 9 + 1 - (-4 - -1). Suppose j = -5*l + 581, 3*l + j - 4*j = 363. What is the greatest common factor of l and r?
13
Let k be -7*(-5)/(-15)*-3. Let q(n) = 4*n**2 - 3*n - 3. Let p be q(4). What is the highest common factor of p and k?
7
Suppose 3*g - 75 = 2*v - 0, -4*g - v + 89 = 0. Calculate the greatest common divisor of 253 and g.
23
Suppose 2*z - 65 = -m, -12 = -z - 3*m + 33. Calculate the highest common divisor of z and 15.
15
Let c(i) = i - 8. Suppose -11 - 21 = -4*d. Let j be c(d). Suppose 3*p = -4*t + 78 + 2, 5*t - p - 100 = j. Calculate the highest common factor of 80 and t.
20
Let a = -64 + 119. Suppose 0 = -4*x + 11 + 33. Calculate the greatest common divisor of x and a.
11
Suppose 8 = -7*m + 57. Calculate the greatest common divisor of 21 and m.
7
Suppose 50 = 3*b + 5. Let u(r) = -4*r - 3. Let v be u(-2). Let m(j) = j**3 - 4*j**2 - 3*j. Let a be m(v). What is the greatest common factor of a and b?
5
Suppose -2*x = -0*x + 4*t - 102, 0 = 4*x + 2*t - 186. What is the greatest common divisor of x and 9?
9
Suppose 3*x + 55 = -5*g + 10, 0 = g + 4*x + 9. Let z = g + 33. Calculate the highest common divisor of z and 48.
24
Let a be ((-144)/60)/(1/(-20)). Suppose 4*h - h = a. Calculate the greatest common divisor of 144 and h.
16
Suppose -3*q + y + 9 = 0, 0*y + 3 = q - 3*y. Calculate the highest common divisor of q and 24.
3
Let w be 21/5 + 2/(-10). Suppose -3*k + 0*o + 2*o = -25, 8 = -w*o. Calculate the greatest common divisor of k and 49.
7
Suppose 0 = u + 2, 2*o - 2*u = -5*u + 154. Let g(v) = -v**3 - 6*v**2 - 7*v - 5. Let j be g(-4). Let a = j + 19. What is the greatest common divisor of o and a?
10
Let j be (1*4)/((-6)/(-231)). Let u be (11/22)/(2/8). Suppose -8 = -2*l - w + 5*w, -4*l = -u*w - 46. Calculate the highest common factor of l and j.
14
Let a(t) = -t**2 - 5*t + 1. Let i be a(-5). Let v(s) = 4*s**3 + s - 2. Let f be v(i). What is the greatest common factor of f and 33?
3
Let r be 18/14 + (-4)/14. Suppose -f = f + 4*j + 8, -15 = 5*j. Let o be f/4*(1 + r). Calculate the greatest common divisor of o and 3.
1
Let k(i) = -i**3 - 5*i**2 + 4*i - 7. Let l be k(-6). Suppose l*x = 2*x + 66. Let f = -128 - -183. Calculate the highest common factor of f and x.
11
Let w = -75 - -105. Let x(n) = -n**2 + 7*n - 4. Let p be x(5). What is the highest common factor of w and p?
6
Suppose -5*o - 2*a = -7*a - 40, -2*o + 16 = 3*a. Suppose -5*b + k + 17 = 0, 5*b - 2*b + 4*k = 24. What is the greatest common divisor of o and b?
4
Let d be 5*(-5 - 24/(-3)). Calculate the greatest common divisor of 60 and d.
15
Suppose 0 = 3*y - 2*k + k - 43, -100 = -5*y - 4*k. What is the highest common factor of y and 64?
16
Suppose 3 = -s - 2*u - 0, 3*s + 4*u = -3. What is the greatest common divisor of 15 and s?
3
Let w(d) = 38*d - 1. Let r be (-4 - -12) + (1 - 1). Let l = -6 + r. Let b be w(l). What is the greatest common factor of b and 15?
15
Suppose -3*q + 75 = -3*r, 0*q - 5*q = r - 143. Calculate the highest common factor of 14 and q.
14
Suppose 3218 = 11*w + 633. Calculate the highest common divisor of w and 47.
47
Suppose -10 = -k + 5. Let y be 4/6 + 110/k. Calculate the highest common divisor of 32 and y.
8
Let h(x) = 20*x. Let d be h(4). Suppose -d = -5*b + b. Suppose n = -n + b. What is the highest common divisor of n and 20?
10
Let o(f) = -f + 10. Let i be o(0). Let d be 4*11/2 - (-13 + 10). What is the highest common divisor of i and d?
5
Suppose -132 = -m - 33. Let i be (-47)/(-5) + 2/(-5). What is the highest common factor of i and m?
9
Suppose -q + 16 = 1. Suppose 0 = -4*k - 5*h + 25, 4*k = 5*k + 4*h - 9. Calculate the greatest common divisor of k and q.
5
Let v be 16*(3 - 2/4). Suppose -4*o + v = -20. Calculate the greatest common factor of 75 and o.
15
Suppose 3*d - 192 = -5*d. What is the greatest common factor of 36 and d?
12
Let r be 9/(-6) - 46/(-4). Suppose -157 = -a - 47. Calculate the highest common factor of a and r.
10
Let j be (-3)/6*(-2 + 0). Let q be j + 1/(3/78). Let v be (0 - 1/(-1))*q. What is the greatest common factor of 3 and v?
3
Suppose 3*h + 3*k = 51, -2*h - 4*k + 37 = -k. Let g = 21 - h. Calculate the highest common factor of g and 7.
7
Suppose 2*p = 32 + 478. Let s = p - 120. Calculate the greatest common factor of s and 15.
15
Suppose 52 = 4*h - g - 2*g, 5*h = -4*g + 34. Suppose -4*k = -f + 29, -60 = -4*f - 0*k + 2*k. Let j = 28 - f. What is the highest common divisor of j and h?
5
Let i be (1/(-2))/((-2)/4). Let f be 11*(1 - (1 - i)). What is the greatest common divisor of f and 33?
11
Suppose 9*j - 114 = -6. What is the highest common divisor of j and 6?
6
Let x(d) = -d**2 + 6*d. Let m be x(5). Suppose -144 = m*f - 354. Calculate the highest common factor of 14 and f.
14
Let q(f) = -3*f + 1. Let h be q(5). Let o be (-8)/h + 328/14. What is the greatest common divisor of o and 6?
6
Suppose -5*k - 20 = 0, -5*y - 4*k + k = -88. What is the highest common factor of y and 20?
20
Let r(h) = -3*h**3 + 2*h**2 - h - 2. Let s be r(3). Let m = -47 - s. Let b(f) = 2*f**2 - f. Let k be b(-1). Calculate the highest common factor of k and m.
3
Let k be 42/10 - (-1)/(-5). Suppose -5*t = 15, -w + 5*t + 37 = 3*t. Let p be w + -1 + 0 + 2. Calculate the highest common factor of k and p.
4
Let g = 40 + -25. What is the highest common factor of g and 165?
15
Suppose 2*p - 5*s = -6*s + 6, 0 = -4*p + 5*s - 2. Let j(z) = -3*z - 1. Let u be j(-5). What is the greatest common factor of u and p?
2
Let z = 91 - 65. Suppose 2*s + 0*s - z = 0. Calculate the highest common divisor of s and 13.
13
Let q = 13 - 5. Calculate the greatest common factor of q and 88.
8
Let l(j) = 62*j - 60. Let k be l(1). Let p = -14 + 32. What is the greatest common divisor of p and k?
2
Suppose 0 = -4*g + 15 + 217. Let n = 30 - 52. Let x = n + g. What is the highest common divisor of x and 12?
12
Suppose 2*j = 3*r + 86 - 211, -3*r = 2*j - 109. Let o = r + -19. Let m = 12 + 48. What is the greatest common divisor of m and o?
20
Suppose 4*x = -n - 4, 16 = n - 4*x - 4. Let i = 23 + -35. Let m(q) = -3*q - 12. Let a be m(i). Calculate the highest common factor of a and n.
8
Let g = 2 + -3. Let k(z) = -3*z**2 - 1. Let s be k(-1). Let y = g - s. What is the highest common divisor of 1 and y?
1
Let k(v) = v**3 + 11*v**2 + 10*v. Let r be k(-9). What is the greatest common factor of 9 and r?
9
Let h = -18 + 30. What is the highest common factor of 4 and h?
4
Suppose 0*n = 4*n - 28. Let f(w) = w**2 - 5*w + 1. Let g be f(n). Suppose 0*c - 660 = -4*c. Calculate the greatest common divisor of g and c.
15
Let i be ((-2)/1 - 55)*-1. Suppose -a + 5*a - 4*y - 136 = 0, -y - 72 = -2*a. What is the highest common factor of a and i?
19
Let z(c) = c**2 + 2*c - 4. Suppose 4*v + 20 = -0. Let s be z(v). What is the highest common factor of 11 and s?
11
Suppose -b + j = -2, -5*b - 1 = -3*b + 3*j. Suppose a - b = 2. Let w(x) = -x - 1. Let z be w(-10). Calculate the highest common divisor of a and z.
3
Suppose -q + 2*d = 3*q - 2, -d = -4*q + 5. Suppose -3*t - 3*u = -45, u + 9 = q*t - 12. What is the highest common factor of 18 and t?
6
Suppo